 j(s) = 11*s**2 - 17*s + 45. What is j(i)?
93
Let b(p) = p - 25. Suppose 2*v + 20 = 36. Determine b(v).
-17
Suppose -5*x - 24 = -4, 0 = -4*c - 3*x + 80. Suppose c = 9*f + 5. Let q(v) = 22 - v + 6*v - v**f - 20 + 2*v. What is q(8)?
-6
Let b(w) = w**2 + 56*w - 1065. Let v be b(-71). Let l(a) = 3*a + 2. What is l(v)?
2
Let k = 12762 - 12772. Let g(f) = f**3 - f**2 - 1. Let a(x) = -11*x**2 - 4*x - 10. Let l(q) = a(q) - g(q). What is l(k)?
31
Let d(w) = 2*w**2 + 1. Let z = -1634 + 1630. Determine d(z).
33
Let s(v) = 12*v**3 - 1. Let u be 140/(-30)*(-9)/21. Let l be (-27 + 24)*(u/6 + 0). Determine s(l).
-13
Let k be (45/6 + -4)/(3/6). Let c(r) = -16*r - 4. Determine c(k).
-116
Let n = -15 + 20. Let p be (-6)/(-30)*1*n. Let f(a) = 3*a**2 + 7*a**2 - p - a**2 + 43*a - 41*a. What is f(1)?
10
Let p = 111 - -453. Let o = 574 - p. Let d(h) = -h**3 + 10*h**2 + 3*h - 9. Determine d(o).
21
Suppose -38*t - 489 + 124 = -111*t. Let l(x) = x**2 + 2. Let p be l(0). Suppose -j = -2*h + 4, t*j + h - 4 = -p. Let q(f) = f + 7. What is q(j)?
7
Let u(x) be the third derivative of x**4/4 - x**3/2 + 1485*x**2. Give u(3).
15
Let j be 1 + -5 + 10 - 0. Suppose -4*q + 4 = 0, -3*r + 8 = 5*q - j. Let v(c) = 5*c - 4. Calculate v(r).
11
Let m(v) = v - 1. Let s be m(4). Suppose -7 = 2*a - s*g, 0*a + 2*a - g - 3 = 0. Let r(f) = f**2 + a*f + 216 - 210 - 2*f**2. Give r(5).
1
Suppose -2744 = -26*f + 12*f. Let m = 195 - f. Let v(g) = 16*g**2 + 4*g - 7. Let w(x) = -x**2 - x + 1. Let o(u) = -v(u) - 6*w(u). Determine o(m).
-11
Let o be 20/25 + (-2824)/(-20) + -2. Suppose -o = 11*a + 9*a. Let j(h) = -h - 10. Determine j(a).
-3
Let j(g) = g**3 - 4*g**2 - 6*g - 2. Let n be j(5). Let h(y) = y**2 + 10*y - 35. Let u be h(-14). Let l(o) = -48*o + u*o - 4 + 0 + 26*o. Determine l(n).
3
Let a(o) = -o**3 - 6*o**2 - o - 2. Suppose -5*b - 48 = -198. Suppose -i + 2*v = -8, 2*v + b = 4*i - 2. Let g be -1 - -3 - (5 + i + -5). What is a(g)?
4
Let l(r) = -2*r**2 + 42*r - 77. Let q(u) = 4*u**2 - 69*u + 294. Let w be q(11). Determine l(w).
-1
Let u(v) = -118*v + 11 + 135*v - 13*v - 4. Calculate u(-7).
-21
Suppose -2*f - 65*z = -70*z + 33, 3*z + 9 = -2*f. Let j(a) = 5*a + 32. Calculate j(f).
-13
Let m(a) be the first derivative of -4*a**2 - 39*a + 939. Give m(-5).
1
Let a(m) = 66*m - 31*m - 20*m + m**2 - 20*m + 22 - 14*m. Determine a(16).
-26
Let k = 355 + -353. Suppose 0 = -q + 8*c - 7*c, 4*q + 2 = k*c. Let v(g) = -15*g - 1. Calculate v(q).
14
Let s(t) = -t**3 + t**2 - t + 1. Let m(v) be the third derivative of -v**5/60 + v**4/24 - v**2. Let q = -1722 - -1724. Let p be m(q). Determine s(p).
15
Let g(c) = -19*c**3 - 6*c**2 - 44*c - 16. Let v(z) = -8*z**3 - 2*z**2 - 22*z - 8. Let o(y) = -3*g(y) + 7*v(y). Give o(-7).
-1
Let x(l) = -34*l - 43. Let i(d) = 208*d + 266. Let o(j) = -6*i(j) - 37*x(j). Determine o(-1).
-15
Let l(y) = 3 + 2 + 4*y - 3 + 1. Let b(k) = 2*k**3 + 55*k**2 - 218*k - 33. Let i be b(-31). Give l(i).
-5
Let s(m) be the third derivative of m**5/60 + m**4/8 + m**3/2 + 66*m**2. Suppose -2*t - 104 = 20. Let v = 58 + t. Give s(v).
7
Let m(s) = -16*s**3. Suppose 3*f + 2*r = -494, -3*r + 23 = -4*f - 647. Let p = -26 - f. Let g = -141 + p. Determine m(g).
16
Let o be 8/(-6)*(-1593)/(-236). Let s(g) = g**2 + 5*g - 6. Calculate s(o).
30
Let l(x) = -39*x - 3. Let q(v) = 343*v + 35. Let y(k) = 35*l(k) + 4*q(k). Give y(-8).
-21
Let g(y) = y**3 + 3*y**2 + 2*y + 2. Let x be g(-3). Let o(f) = -11 + 6*f - 4 + 8 - 7*f. Calculate o(x).
-3
Let l(u) = -2*u - 2*u + u. Suppose 2*b + 49 = 5*x, 653*x - 650*x = 2*b + 31. Determine l(b).
6
Let b(j) be the first derivative of -j**3/3 + 3*j**2 - 7*j - 33474. Suppose -4*r = -4*p + 32, 2*p + 6*r - r + 5 = 0. Give b(p).
-2
Let c(u) = -u**2 + 12*u + 3. Let o(q) = q**2 + q - 1. Let r(i) = -c(i) + o(i). Suppose -s - 4*b = -12, 0 = -3*b + 53 - 50. What is r(s)?
36
Let w be (-33)/22*(2/9)/(-1). Let q(n) be the third derivative of -31*n**2 + 0*n - 1/6*n**4 + 1/120*n**6 - 1/30*n**5 + 0 + w*n**3. Give q(3).
-1
Let w(h) be the second derivative of 2*h**2 - 6 + 3*h - 1/2*h**3. What is w(4)?
-8
Let x = 694 - 1381/2. Let o(r) be the first derivative of 2/3*r**3 + 10 + x*r**2 + r. What is o(-5)?
16
Let i(b) = 21*b**3 + 6*b + 7. Suppose 17*v + 69 - 52 = 0. Give i(v).
-20
Let x(z) = 114*z + 290. Let w(l) = 53*l + 138. Let h(j) = -13*w(j) + 6*x(j). Determine h(11).
-109
Let l(f) = -f**2 - 36*f + 6. Let a be -28 - (0 + (-40)/(8 + -13)). Give l(a).
6
Let p(x) = -71*x + 7. Let v = 27231 - 27230. What is p(v)?
-64
Let p(y) = 3*y**3 + 4*y**2 - 8*y + 5. Let h(g) = -4*g**3 - 4*g**2 + 9*g - 5. Let q(m) = -4*h(m) - 5*p(m). Let r = -40905 + 40908. Calculate q(r).
-2
Let i(k) be the third derivative of -k**6/60 + k**5/20 + k**4/24 - 695*k**2. Give i(-2).
26
Let m(r) = r**2 - r + 20. Let x(g) = g**3 - 13*g**2 - g + 16. Let v be x(13). Let k be ((-47)/v)/(2 + 13/(-6)). Let c = 94 - k. Determine m(c).
20
Let l = 265 + -258. Let b(x) = x**3 - 7 + 8*x - 15*x + 16*x - 8*x**2. Determine b(l).
7
Let d(h) = -8 + 2*h**2 + 10*h + h**3 + 5*h**2 + 5*h**2. Let x = 599 - 594. Let m(g) = -g**3 - 12*g**2 - 10*g + 9. Let v(r) = x*m(r) + 4*d(r). What is v(-11)?
2
Suppose 0 = 4*y + 4, -33*i + 38*i = 3*y - 32. Let l(s) be the third derivative of s**5/60 + 7*s**4/24 + s**3/3 - s**2. What is l(i)?
2
Let q(j) be the third derivative of -1/24*j**4 + 0*j + 0 + 12*j**2 - 1/3*j**3. Let u be 2 - 32/20 - 13/(-5). What is q(u)?
-5
Let s(d) = 2019*d**2 - 2018*d**2 + 0*d + 4*d. Let p(g) = -3*g**2 - 12*g + 1. Let o(v) = -2*p(v) - 7*s(v). Give o(-3).
1
Let o(i) = -466 + 466 - 5*i - 6*i. Let j(k) = -13*k - 1. Let r(m) = 6*j(m) - 7*o(m). Give r(6).
-12
Let y(f) = f - 3*f - 1 + 2*f + 5*f**2. Suppose 47*u + 5*u = -52. What is y(u)?
4
Suppose 4*u = -5*r - 49, 26*r - 3*u - 30 = 29*r. Let k(f) = 9*f - 27. Determine k(r).
-108
Let m(b) = 3*b**2 + 17*b - 8. Let h be m(-4). Let n(l) = -l**3 - 30*l**2 - 58*l - 49. Let x be n(h). Let z(t) = -3 + 4 + 7 - t. Give z(x).
1
Let f(w) = -4*w + 3. Suppose 4*u - 2*u = 0. Let a(x) = x**3 + 7*x**2 - 28*x - 90. Let s be a(-9). Suppose s = -9*r - u*r + 36. What is f(r)?
-13
Let o(v) = v**2 + 2*v - 9. Let x(w) = -w**2 - w + 8. Let c(t) = -5*o(t) - 4*x(t). Let q = -35345 - -35337. What is c(q)?
-3
Suppose -9 - 1 = -5*i. Let z(o) = 7*o - 17*o + 12*o - 6 - 2*o**2 - o**3 + 5 + 3. Give z(i).
-10
Let i(b) = 11*b**3 - 11*b**2 - 5*b + 4. Let k(m) = -73*m**3 + 66*m**2 + 30*m - 26. Let q(s) = -13*i(s) - 2*k(s). Calculate q(-4).
-36
Let z(g) be the first derivative of g**3/3 - 9*g**2/2 + 5*g + 13. Suppose -90*x = 25*x - 2*x - 1017. Give z(x).
5
Let t(s) = 43*s - 35 - 6*s - 13*s - 12*s - 11*s. Calculate t(20).
-15
Suppose 4*u = 3*u. Let r be 4/(-5 + 3 + u). Let g(w) = -98*w**2 + 3*w + 31*w**2 + 29*w**2 + 3 + 35*w**2. Determine g(r).
-15
Let g(p) be the first derivative of -3*p + 4*p + 327*p**2 - 317*p**2 - 157. Give g(-1).
-19
Let d(q) = 3*q**3 - 6*q**2 - q - 5. Let f(z) be the first derivative of -7/4*z**4 + 11*z - 21 + 13/3*z**3 + 1/2*z**2. Let p(b) = 5*d(b) + 2*f(b). Give p(5).
7
Suppose 33*k + 9*k = 8*k - 612. Let c(q) = -q**2 - 15*q + 48. Determine c(k).
-6
Let y(f) = -12 + 4*f + f**2 - 2*f + f + 17 - 3. Let h(n) = n**3 - 4*n**2 + 2*n. Let s be h(3). Determine y(s).
2
Let n = -86 - -89. Suppose p = 5*w + 10, -2*w + 2*p + n*p = 4. Let m(u) = -3 - 5*u**2 + 6*u**2 - 1 + 2. Calculate m(w).
2
Let k(a) = a**3 - 4*a**2 + a + 3. Let i = 1127 - 1109. Let d be 2/(-7) - 96/7. Let f = d + i. Calculate k(f).
7
Let y(c) be the second derivative of c**4/12 + 11*c**3/3 + 41*c**2 - 7507*c. Determine y(-5).
-3
Let p(q) = -q**3 - 4*q**2 - 3*q - 3. Let b(y) = -64*y**3 + 3*y**2 + 10*y + 7. Let a be b(-1). Suppose 0 = -2*g + 66*n - a*n - 12, -5*g = 5*n. Calculate p(g).
-3
Let d(f) = f**2 + 8*f + 2. Let w be 14/4*(17/(-1) - -15). Give d(w).
-5
Let h(z) = z**3 + 2*z**2 + 3*z + 2. Let g(b) = -8*b**2 - 16*b - 24. Let y be g(-5). Let w = y - -142. What is h(w)?
-4
Let q(b) = -b**2 - 10*b + 18. Let y be q(-12). Let s(r) be the second derivative of 0*r**2 - 1/3*r**3 + 13*r + 0. Determine s(y).
12
Let h be 2/(-5) + (16/(-10) - -4). Let a(c) = 13*c**3 - c**2 - c + 1. What is a(h)?
99
Let d(x) = -x - 2. Let n(v) = -v**3 + 20*v**2 - 18*v - 16. Let r be n(19). Suppose c + 5*p - 17 = 0, c = r*p - 5 - 2. Give d(c).
-4
Let z(u) = -32*u + 3. Let r(v) =